 1314896337.
3, 29, 5037917
What are the prime factors of 31618188?
2, 3, 7, 1549
What are the prime factors of 55153103?
23, 2397961
What are the prime factors of 2319064638?
2, 3, 11, 3541, 9923
What are the prime factors of 75217778?
2, 37608889
What are the prime factors of 1459105646?
2, 19, 2963, 12959
What are the prime factors of 266800696?
2, 29, 79, 14557
What are the prime factors of 12591928?
2, 971, 1621
List the prime factors of 124208226.
2, 3, 229, 30133
List the prime factors of 550504388.
2, 7, 73, 269327
What are the prime factors of 1552115440?
2, 5, 23, 31, 27211
What are the prime factors of 789104795?
5, 181, 419, 2081
What are the prime factors of 890762419?
373, 2388103
List the prime factors of 232273889.
2003, 115963
What are the prime factors of 851811447?
3, 37, 7673977
List the prime factors of 2582622.
2, 3, 7, 103, 199
List the prime factors of 1150903234.
2, 13, 503, 88003
List the prime factors of 41326026.
2, 3, 7, 19, 51787
List the prime factors of 3466697927.
7, 11, 45022051
List the prime factors of 1065592115.
5, 7, 30445489
List the prime factors of 1890814552.
2, 11, 37, 580717
List the prime factors of 3162487608.
2, 3, 7, 113, 55529
What are the prime factors of 26825790?
2, 3, 5, 894193
List the prime factors of 492489272.
2, 11, 19, 294551
What are the prime factors of 5129165607?
3, 1709721869
What are the prime factors of 6416187?
3, 313, 6833
List the prime factors of 79678908.
2, 3, 37, 41, 1459
List the prime factors of 409927584.
2, 3, 11, 19, 20431
What are the prime factors of 1303063048?
2, 7, 997, 23339
What are the prime factors of 10047753?
3, 103, 3613
What are the prime factors of 97334906?
2, 1429, 34057
What are the prime factors of 55808597?
13, 1487, 2887
List the prime factors of 4430596301.
19, 67, 3480437
What are the prime factors of 1082421698?
2, 61, 8872309
What are the prime factors of 38000306?
2, 19000153
What are the prime factors of 940769098?
2, 229, 439, 4679
What are the prime factors of 64127550?
2, 3, 5, 427517
What are the prime factors of 4750659494?
2, 7, 733, 462937
List the prime factors of 2001454813.
19, 105339727
What are the prime factors of 190128814?
2, 29, 3278083
List the prime factors of 3417320196.
2, 3, 94925561
List the prime factors of 6036782658.
2, 3, 10289, 97787
List the prime factors of 450786653.
67, 293, 22963
List the prime factors of 5691808640.
2, 5, 7, 181499
What are the prime factors of 147462548?
2, 36865637
List the prime factors of 7562531574.
2, 3, 13, 10772837
List the prime factors of 2366451477.
3, 13, 307, 21961
List the prime factors of 96294350.
2, 5, 37, 52051
What are the prime factors of 54675017?
41, 1333537
What are the prime factors of 72833468?
2, 18208367
List the prime factors of 59358786.
2, 3, 9893131
List the prime factors of 311891940.
2, 3, 5, 439, 3947
List the prime factors of 184078339.
3001, 61339
List the prime factors of 643643517.
3, 11, 1103, 17683
List the prime factors of 51413268.
2, 3, 4284439
List the prime factors of 1570313.
277, 5669
List the prime factors of 543900730.
2, 5, 54390073
What are the prime factors of 6817954037?
59, 1453, 79531
What are the prime factors of 46749173?
46749173
List the prime factors of 284295326.
2, 7, 109, 186301
What are the prime factors of 2632940867?
2632940867
List the prime factors of 7989568.
2, 31, 4027
What are the prime factors of 4133317561?
4133317561
What are the prime factors of 5755767377?
5755767377
What are the prime factors of 2750628055?
5, 7, 78589373
List the prime factors of 1653042.
2, 3, 137, 2011
What are the prime factors of 39824244?
2, 3, 368743
List the prime factors of 147919972.
2, 31, 1192903
List the prime factors of 238573146.
2, 3, 7, 239, 23767
List the prime factors of 623854323.
3, 23, 31, 191, 509
List the prime factors of 6975133681.
19, 293, 1252943
What are the prime factors of 4295996368?
2, 19, 31, 607, 751
What are the prime factors of 35776476?
2, 3, 587, 1693
What are the prime factors of 230180056?
2, 47, 612181
List the prime factors of 586841461.
743, 797, 991
What are the prime factors of 133040189?
31, 4291619
What are the prime factors of 23302861?
43, 541927
What are the prime factors of 160465401?
3, 149, 39887
List the prime factors of 171977954.
2, 85988977
What are the prime factors of 494899505?
5, 98979901
What are the prime factors of 603633807?
3, 7, 17, 197, 2861
List the prime factors of 35848083.
3, 307, 38923
List the prime factors of 1731074954.
2, 7, 47, 1361, 1933
What are the prime factors of 655044433?
6553, 99961
What are the prime factors of 435577520?
2, 5, 7, 777817
List the prime factors of 161274053.
17, 1741, 5449
What are the prime factors of 65814606?
2, 3, 11, 13, 947
List the prime factors of 471159227.
7, 11, 977, 6263
What are the prime factors of 578797537?
578797537
List the prime factors of 178147810.
2, 5, 17814781
List the prime factors of 83165139.
3, 17, 43, 12641
List the prime factors of 336643956.
2, 3, 11, 757, 1123
List the prime factors of 29533942.
2, 19, 777209
List the prime factors of 1151691672.
2, 3, 47987153
What are the prime factors of 1671428506?
2, 11, 75974023
What are the prime factors of 43107039?
3, 293, 5449
What are the prime factors of 1359862514?
2, 679931257
What are the prime factors of 51042468?
2, 3, 71, 139, 431
List the prime factors of 3716313857.
67, 73, 659, 1153
List the prime factors of 336142217.
23, 617, 23687
What are the prime factors of 172214273?
7, 11, 283, 1129
What are the prime factors of 74292858?
2, 3, 4127381
What are the prime factors of 33823645?
5, 6764729
List the prime factors of 68981706.
2, 3, 425813
What are the prime factors of 177556050?
2, 3, 5, 7, 6263
List the prime factors of 1605782902.
2, 802891451
List the prime factors of 8880520003.
43, 277, 745573
What are the prime factors of 1383181256?
2, 172897657
List the prime factors of 62233250.
2, 5, 89, 2797
List the prime factors of 4502594980.
2, 5, 13, 17317673
What are the prime factors of 40698632?
2, 13, 89, 4397
What are the prime factors of 5148808392?
2, 3, 7, 13, 191, 12343
What are the prime factors of 15951609?
3, 1772401
List the prime factors of 201418551.
3, 71, 383, 823
List the prime factors of 716018286.
2, 3, 119336381
List the prime factors of 419543650.
2, 5, 8390873
List the prime factors of 31297857.
3, 10432619
List the prime factors of 4933749200.
2, 5, 31, 163, 2441
List the prime factors of 552082501.
23, 24003587
What are the prime factors of 45782702?
2, 7, 43, 59, 1289
List the prime factors of 717818521.
7, 102545503
What are the prime factors of 5185635901?
487, 10648123
What are the prime factors of 2443602623?
7, 11, 863, 3343
List the prime factors of 1289188247.
19, 181, 229, 1637
What are the prime factors of 299654916?
2, 3, 11, 2270113
What are the prime factors of 1548249626?
2, 7, 11, 41, 245209
List the prime factors of 2424570622.
2, 23, 71, 223, 3329
What are the prime factors of 13951655?
5, 2790331
What are the prime factors of 322115985?
3, 5, 7158133
What are the prime factors of 66234895?
5, 53, 249943
What are the prime factors of 43442163?
3, 536323
What are the prime factors of 260631095?
5, 2333, 22343
List the prime factors of 189553816.
2, 23694227
List the prime factors of 56886281.
157, 362333
List the prime factors of 1008375550.
2, 5, 7, 13, 221621
What are the prime factors of 534297623?
353, 1513591
List the prime factors of 497909373.
3, 13, 12766907
List the prime factors of 299539401.
3, 7, 59, 34537
What are the prime factors of 6829258389?
3, 2276419463
List the prime factors of 720726103.
720726103
List the prime factors of 13150232.
2, 1643779
What are the prime factors of 57622411?
7, 11, 748343
What are the prime factors of 1256214963?
3, 19, 22038859
What are the prime factors of 49641850?
2, 5, 31, 32027
List the prime factors of 3812490361.
613, 911, 6827
What are the prime factors of 52194985?
5, 131, 79687
List the prime factors of 978776947.
37, 787, 33613
What are the prime factors of 95200226?
2, 11, 4327283
What are the prime factors of 32149272?
2, 3, 271, 4943
List the prime factors of 116263647.
3, 4306061
List the prime factors of 184516694.
2, 593, 155579
List the prime factor